 2*j**2 + 74*j + 392. What is the tens digit of s(69)?
2
Suppose 3*w = -2*p + 18, -p + w - 7 = -2*p. Suppose 3*m + 4*l + 0*l = 45, 3*l - 30 = -2*m. What is the tens digit of ((-29)/p)/((-5)/m)?
2
Let p be 3/6*(-100)/(-2). Let l = p + -81. What is the tens digit of (5 + -3)/(-2)*l?
5
Let c = 1087 + -203. Let i = 1634 - c. What is the tens digit of i?
5
Let l(h) = 65*h**2 - 2*h + 1. Let z(p) = -66*p**2 + 3*p - 1. Let v(q) = -6*l(q) - 5*z(q). Let x be v(-2). Let u = -147 - x. What is the units digit of u?
8
Suppose 0 = 29*i + 28782 - 85535. Suppose 12*t - 3263 = i. What is the tens digit of t?
3
Let a be 52/312 + (-2)/12. Suppose a = -2*t - 2*p + 1362, t - 801 = -3*p - 116. What is the units digit of t?
9
Let x(u) = 49*u**2 - 8*u + 7. Let k be x(2). Suppose -5*z + 265 = 2*t - 694, 0 = z - 2*t - k. What is the hundreds digit of z?
1
Let t be (-78)/(-8) + 3/72*6. Let i(n) = 4*n - 26. Let u be i(t). Suppose -3*o = -u*o + 352. What is the tens digit of o?
3
Let n(m) = m + 1112. What is the hundreds digit of n(85)?
1
Let r = 16739 + -11898. What is the thousands digit of r?
4
Suppose k + 68*k - 721050 = 0. What is the tens digit of k?
5
Let l(o) = o**3 + 9*o**2 + 7*o + 3. Suppose 0 = 4*q - 5*f + 21, -18 = 3*q - 5*f - 6. Let k be l(q). Let b = k + 106. What is the units digit of b?
6
Let m(t) = -t**2 + 10. Let i be m(-5). Let y(a) = 2*a**2 + 22*a + 32. Let v be y(i). Suppose 2*z + v = 10*z. What is the units digit of z?
9
Suppose -8*z - 2286 = 258. Let k = z - -596. What is the hundreds digit of k?
2
Suppose 62*w - 2707624 = -106*w - 4*w. What is the ten thousands digit of w?
1
Let y(q) = -571*q + 107. What is the units digit of y(-12)?
9
Let s = -907 + 3035. What is the hundreds digit of s?
1
Let j = 20 + -20. Suppose j = -9*q + 3*q - 462. Let p = q + 105. What is the units digit of p?
8
Let y(i) = 2*i**3 + 5*i**2 - i - 2. Let s be y(-3). Let w(k) = 12*k**2 - 14*k - 4. What is the tens digit of w(s)?
7
Suppose -s + 0*s - b + 3 = 0, -3 = 5*s - b. Suppose 23*a = -18*a + 31488. Suppose 0 = -6*t - s*t + a. What is the hundreds digit of t?
1
Suppose i = -4*s + 46065, 5*s + 5*i = 84494 - 26894. What is the hundreds digit of s?
5
Let k(l) = 7491*l - 533. What is the tens digit of k(1)?
5
Let w = 8654 - 4652. What is the units digit of w?
2
What is the thousands digit of ((-15)/10)/((-42)/179060)?
6
What is the thousands digit of 13/(52/24) + (27530 - 3 - -17)?
7
Suppose -u - 8*u + 1386 = 0. Suppose -2*a = -d + 33, 0 = 3*d - 10*a + 15*a - u. What is the tens digit of d?
4
What is the ten thousands digit of (-2 - 400)/((-2)/151)?
3
Let w(n) be the second derivative of 6*n**3 + 21*n**2/2 - 4*n + 9. What is the hundreds digit of w(13)?
4
Let f = -55223 + 93807. What is the thousands digit of f?
8
What is the hundreds digit of (-8)/16*(-28740)/5?
8
Let c = 256 - 58. Let z = 908 - c. What is the hundreds digit of z?
7
Let z = -8 + 12. Suppose -m - 27 = -5*g - z*m, 5*m = g + 17. Suppose j - 91 = 5*h, -4*h + g*h + 4 = 0. What is the tens digit of j?
1
Suppose 16 = 2*h + 3*m, 4*h - 3*h - 6 = -m. Let d(y) = 0*y**2 + 3 - 2*y**2 + y**3 + 0*y**h - y. What is the units digit of d(3)?
9
Suppose 0 = -251*q + 271*q - 100. Suppose q*a = 2858 + 4422. What is the thousands digit of a?
1
Let y(s) be the second derivative of 7*s**4/6 + s**3 + 21*s**2/2 - s - 3. What is the tens digit of y(-4)?
2
Let g(k) = 1 + 4*k - 5*k**2 + 41 + 12*k**2 - 8 + 7. What is the tens digit of g(11)?
3
Let f(v) = -6*v - 35*v**2 + 22*v + 271*v**2 + 1 - 14*v. What is the tens digit of f(1)?
3
What is the hundreds digit of 124*(5 + (-341)/(-22))?
5
Suppose 380118 = 282*y - 1862346. What is the hundreds digit of y?
9
Let p = 3 + -8. Let q(j) = 13759*j + 13767*j + 2*j**2 - 4 - 27528*j. What is the tens digit of q(p)?
5
Let p = -268 + 80. What is the units digit of (3372/((-2)/(-1)))/((-282)/p)?
4
Suppose -5*b - 19 = r - 80, b = 4*r + 8. Let l(d) = d**3 - 3*d**2 - 37*d + 23. What is the tens digit of l(b)?
7
Let c be 4/10*(1 - -4) - -18549. Let w = 12956 - c. What is the hundreds digit of w/(-40) - (-4)/32?
1
Let a = 4114 + 36445. What is the ten thousands digit of a?
4
Suppose -2*z + 2*u + 4184 + 4150 = 0, z = -3*u + 4163. What is the tens digit of z?
6
Let f = -24 - 102. Let g = f - -354. Let p = g + -88. What is the hundreds digit of p?
1
Let l be (143/(-26))/((-1)/310). Suppose -l + 2332 = 3*w. What is the hundreds digit of w?
2
Suppose -168 = -2*g - 40*g. Suppose 4630 - 578 = g*x. What is the hundreds digit of x?
0
What is the tens digit of ((1 + 11)/12)/(7/180474)?
8
Let v = -543 + 559. Suppose 0*s - v = 4*s, s = -5*z + 5806. What is the thousands digit of z?
1
Let o = -2441 + 3930. What is the units digit of o?
9
Suppose 0 = -4*k - 2*r - 8, 0*k = -2*k - 3*r + 4. Let c be 714/4 + -4*k/32. Suppose -c - 4 = -3*f. What is the tens digit of f?
6
What is the hundreds digit of (1058/(-14))/(((-3480)/(-560))/(-87))?
0
Let c = -205 + 173. What is the hundreds digit of c/6*-1*(3 - -66)?
3
Suppose 129*w - 139*w + 104150 = 0. What is the thousands digit of w?
0
Let d = -16 + 20. Let m(v) = v**3 - 3*v**2 - 2*v - 3. Let t be m(d). Suppose 3*q = 2*q - t, 126 = 2*y - 2*q. What is the tens digit of y?
5
Suppose 25*p + 5*p + 1185 = 94785. What is the tens digit of p?
2
Suppose 27*t = 5*l + 24*t - 38809, -3*l = -t - 23283. What is the hundreds digit of l?
7
Let x be (-48)/6*(-2 - 29/4). Let w = x - 70. Suppose 3*a = -5*c + 492, -5*c + 656 = w*a - 4*c. What is the units digit of a?
4
Let w = 16980 + -4813. What is the thousands digit of w?
2
Let f(b) = 74*b**2 - b + 2. Let x be (-6)/12*-2*2. Suppose -x*r = 3*t - 5, -2*r = -0*t - 3*t + 1. What is the tens digit of f(t)?
7
Suppose 7*l + 86 - 380 = 0. Suppose 4*f = 2*m + m + 74, -2*m - f - l = 0. Let q = -4 - m. What is the units digit of q?
8
Let o(y) = -20*y**3 - y**2 - 101*y - 658. What is the hundreds digit of o(-8)?
3
Let l = 1 - -29. Suppose 3*a - l + 231 = 0. Let f = a - -146. What is the tens digit of f?
7
Suppose 61*j - 56*j + 14*n = 10664, -j - 2*n + 2136 = 0. What is the units digit of j?
4
Let s = 11413 - 5813. What is the hundreds digit of s?
6
Let m(x) = -58*x - 142. Let o be 2*87/(-12)*2. What is the tens digit of m(o)?
4
Let i(y) = 51*y**2 - 49*y - 22. What is the hundreds digit of i(30)?
4
What is the tens digit of 14 - ((-164768)/8 - 14)?
2
Let l(j) = 132*j**2 + 11*j - 1. Suppose -21*b = -16*b - 10. What is the units digit of l(b)?
9
Suppose -351*l = -347*l. Suppose -5*x + 4*t + 2952 = l, -3*x - 2*t + 1755 = t. What is the tens digit of x?
8
Let w = -90 - -93. Suppose 2*n = -w*n + 2275. What is the tens digit of n?
5
Let h = -18244 - -25844. What is the thousands digit of h?
7
Let p = 42 - -165. Suppose 3*n - 1038 = p. What is the tens digit of n?
1
Let o(b) = 2*b**2 + 12*b - 8. Let v be o(-6). Let h be (v/(-10))/((-3)/15). Let k(y) = -31*y - 2. What is the tens digit of k(h)?
2
What is the thousands digit of ((-13742)/4)/(278/(-1112))?
3
Let p = -20 + 22. Let m be p/((-30)/85) + 4/(-3). Let x(l) = l**2 + 6*l - 3. What is the units digit of x(m)?
4
Suppose 4*x - 9*b = -4*b - 16, -4*x - 44 = 2*b. What is the hundreds digit of (12/x + 1444/(-6))/(-2)?
1
Let o = 20631 - 14022. What is the thousands digit of o?
6
Let t(w) = -2*w**3 - 32*w**2 + 41*w + 90. What is the hundreds digit of t(-18)?
6
Let y be (4 - 12717/(-4)) + 20/(-16). Suppose 6*w = -1166 + y. What is the hundreds digit of w?
3
Suppose 126273 = 9*q - 5010. What is the thousands digit of q?
4
Let h(i) = 377*i + 393*i - 782*i - 39. What is the units digit of h(-4)?
9
Let a = 37 - 42. Let y(m) = -9*m - 16. Let p be y(a). Let k = 15 + p. What is the tens digit of k?
4
Suppose -11*t + 61 + 2020 = -6686. What is the hundreds digit of t?
7
Let s be (-327)/(-12)*(24 + -8). Suppose o = y + s, -5*o + y + 2450 - 278 = 0. What is the tens digit of o?
3
Let u = 14948 - 4722. What is the units digit of u?
6
What is the thousands digit of 4 + (2 - -22707) + -5 + 0?
2
Let k = 5 + 27. Let y = 68 - k. Suppose -5*b = 3*f - 81, -b + y + 45 = 3*f. What is the tens digit of f?
2
Let y(p) = -4*p + 31. Let f be y(9). What is the tens digit of 1*(3/f - (-4156)/10)?
1
Suppose 0 = -3*x + 2*p + 13305, 3*x - 381*p - 13299 = -377*p. What is the hundreds digit of x?
4
Let x = 47259 + -21801. What is the units digit of x?
8